s the remainder when 25 is divided by 9?
7
Calculate the remainder when 1074 is divided by 19.
10
Calculate the remainder when 4786 is divided by 531.
7
What is the remainder when 156 is divided by 72?
12
What is the remainder when 3886 is divided by 27?
25
Calculate the remainder when 109 is divided by 10.
9
What is the remainder when 76 is divided by 8?
4
What is the remainder when 3439 is divided by 245?
9
What is the remainder when 605 is divided by 50?
5
What is the remainder when 140 is divided by 30?
20
Calculate the remainder when 41698 is divided by 223.
220
What is the remainder when 715 is divided by 30?
25
What is the remainder when 209 is divided by 54?
47
What is the remainder when 311 is divided by 52?
51
Calculate the remainder when 252 is divided by 5.
2
Calculate the remainder when 1851 is divided by 116.
111
Calculate the remainder when 174 is divided by 60.
54
What is the remainder when 79 is divided by 54?
25
What is the remainder when 260 is divided by 39?
26
What is the remainder when 60 is divided by 39?
21
What is the remainder when 46 is divided by 12?
10
Calculate the remainder when 103 is divided by 15.
13
What is the remainder when 2052 is divided by 136?
12
Calculate the remainder when 19664 is divided by 15.
14
Calculate the remainder when 115 is divided by 21.
10
Calculate the remainder when 1075 is divided by 98.
95
What is the remainder when 864 is divided by 850?
14
What is the remainder when 1006 is divided by 97?
36
What is the remainder when 48 is divided by 17?
14
What is the remainder when 336 is divided by 85?
81
What is the remainder when 232 is divided by 64?
40
Calculate the remainder when 247 is divided by 18.
13
Calculate the remainder when 161 is divided by 27.
26
Calculate the remainder when 397 is divided by 81.
73
Calculate the remainder when 79 is divided by 21.
16
Calculate the remainder when 1505 is divided by 499.
8
What is the remainder when 164 is divided by 8?
4
What is the remainder when 40 is divided by 34?
6
What is the remainder when 533 is divided by 266?
1
What is the remainder when 363 is divided by 26?
25
What is the remainder when 420 is divided by 85?
80
Calculate the remainder when 406 is divided by 11.
10
Calculate the remainder when 718 is divided by 237.
7
Calculate the remainder when 1425 is divided by 21.
18
Calculate the remainder when 186 is divided by 94.
92
Calculate the remainder when 1027 is divided by 147.
145
What is the remainder when 20 is divided by 3?
2
What is the remainder when 515 is divided by 21?
11
Calculate the remainder when 476 is divided by 118.
4
What is the remainder when 362 is divided by 114?
20
What is the remainder when 4194 is divided by 26?
8
What is the remainder when 1600 is divided by 164?
124
What is the remainder when 2586 is divided by 13?
12
Calculate the remainder when 413 is divided by 72.
53
Calculate the remainder when 2065 is divided by 39.
37
Calculate the remainder when 3682 is divided by 459.
10
Calculate the remainder when 6002 is divided by 87.
86
What is the remainder when 1072 is divided by 394?
284
Calculate the remainder when 51 is divided by 12.
3
Calculate the remainder when 306 is divided by 7.
5
What is the remainder when 80 is divided by 47?
33
Calculate the remainder when 373 is divided by 140.
93
What is the remainder when 94 is divided by 4?
2
What is the remainder when 4956 is divided by 31?
27
What is the remainder when 1348 is divided by 25?
23
Calculate the remainder when 33 is divided by 25.
8
What is the remainder when 1021 is divided by 963?
58
Calculate the remainder when 67 is divided by 15.
7
Calculate the remainder when 38 is divided by 16.
6
Calculate the remainder when 45 is divided by 20.
5
Calculate the remainder when 568 is divided by 41.
35
What is the remainder when 2833 is divided by 21?
19
Calculate the remainder when 211 is divided by 74.
63
Calculate the remainder when 63 is divided by 35.
28
Calculate the remainder when 897 is divided by 129.
123
Calculate the remainder when 151 is divided by 51.
49
What is the remainder when 14586 is divided by 29?
28
What is the remainder when 363 is divided by 49?
20
Calculate the remainder when 1174 is divided by 21.
19
Calculate the remainder when 102 is divided by 24.
6
What is the remainder when 218 is divided by 64?
26
What is the remainder when 11 is divided by 1?
0
What is the remainder when 506 is divided by 45?
11
What is the remainder when 7 is divided by 5?
2
Calculate the remainder when 122 is divided by 70.
52
Calculate the remainder when 107 is divided by 21.
2
What is the remainder when 1422 is divided by 55?
47
What is the remainder when 27 is divided by 12?
3
Calculate the remainder when 697 is divided by 14.
11
Calculate the remainder when 553 is divided by 34.
9
What is the remainder when 43 is divided by 9?
7
What is the remainder when 2698 is divided by 82?
74
What is the remainder when 781 is divided by 34?
33
Calculate the remainder when 108 is divided by 16.
12
Calculate the remainder when 1078 is divided by 136.
126
What is the remainder when 85 is divided by 6?
1
What is the remainder when 61 is divided by 7?
5
Calculate the remainder when 167 is divided by 12.
11
Calculate the remainder when 158 is divided by 40.
38
What is the remainder when 499 is divided by 204?
91
What is the remainder when 91 is divided by 32?
27
Calculate the remainder when 597 is divided by 46.
45
Calculate the remainder when 1090 is divided by 12.
10
Calculate the remainder when 167 is divided by 25.
17
Calculate the remainder when 193 is divided by 19.
3
Calculate the remainder when 1733 is divided by 347.
345
What is the remainder when 443 is divided by 16?
11
Calculate the remainder when 5056 is divided by 65.
51
What is the remainder when 549 is divided by 4?
1
What is the remainder when 6280 is divided by 49?
8
What is the remainder when 5921 is divided by 6?
5
Calculate the remainder when 153 is divided by 39.
36
Calculate the remainder when 394 is divided by 100.
94
Calculate the remainder when 159 is divided by 38.
7
Calculate the remainder when 382 is divided by 65.
57
What is the remainder when 87 is divided by 23?
18
Calculate the remainder when 500 is divided by 64.
52
Calculate the remainder when 12726 is divided by 13.
12
What is the remainder when 120 is divided by 31?
27
Calculate the remainder when 24850 is divided by 228.
226
Calculate the remainder when 109 is divided by 5.
4
What is the remainder when 117 is divided by 24?
21
Calculate the remainder when 5044 is divided by 174.
172
What is the remainder when 3209 is divided by 146?
143
What is the remainder when 71 is divided by 30?
11
Calculate the remainder when 401 is divided by 107.
80
What is the remainder when 4520 is divided by 19?
17
What is the remainder when 738 is divided by 36?
18
Calculate the remainder when 173 is divided by 80.
13
Calculate the remainder when 186 is divided by 97.
89
What is the remainder when 155 is divided by 18?
11
What is the remainder when 3399 is divided by 81?
78
Calculate the remainder when 970 is divided by 306.
52
Calculate the remainder when 639 is divided by 72.
63
What is the remainder when 1523 is divided by 221?
197
What is the remainder when 977 is divided by 157?
35
What is the remainder when 841 is divided by 125?
91
Calculate the remainder when 9331 is divided by 26.
23
What is the remainder when 1068 is divided by 18?
6
Calculate the remainder when 207 is divided by 98.
11
Calculate the remainder when 47 is divided by 13.
8
What is the remainder when 1532 is divided by 161?
83
Calculate the remainder when 7870 is divided by 64.
62
What is the remainder when 257 is divided by 90?
77
Calculate the remainder when 1175 is divided by 28.
27
What is the remainder when 46188 is divided by 298?
296
Calculate the remainder when 285 is divided by 17.
13
Calculate the remainder when 228 is divided by 19.
0
What is the remainder when 150 is divided by 84?
66
Calculate the remainder when 2247 is divided by 30.
27
Calculate the remainder when 18864 is divided by 11.
10
Calculate the remainder when 995 is divided by 238.
43
Calculate the remainder when 2541 is divided by 62.
61
What is the remainder when 254 is divided by 39?
20
What is the re